{"id":204,"date":"2017-08-09T09:12:26","date_gmt":"2017-08-09T06:12:26","guid":{"rendered":"http:\/\/www.ssms.fi\/?page_id=204"},"modified":"2018-02-13T19:16:45","modified_gmt":"2018-02-13T17:16:45","slug":"saannot","status":"publish","type":"page","link":"http:\/\/www.ssms.fi\/?page_id=204","title":{"rendered":"S\u00e4\u00e4nn\u00f6t"},"content":{"rendered":"<p>SIS\u00c4-SUOMEN METS\u00c4STYSSEURA RY:N S\u00c4\u00c4NN\u00d6T<br \/>\n1 \u00a7<br \/>\nYhdistyksen nimi on Sis\u00e4-Suomen Mets\u00e4stysseura ry. ja kotipaikka Jyv\u00e4skyl\u00e4n kaupunki.<br \/>\nYhdistys kuuluu j\u00e4senen\u00e4 Suomen Mets\u00e4st\u00e4j\u00e4liitto ry:n, Suomen Kennelliitto &#8211; Finska<br \/>\nKennelklubben ry:n. Yhdistys voi liitty\u00e4 johtokunnan p\u00e4\u00e4t\u00f6ksell\u00e4 sen tarkoitusperi\u00e4 palveleviin<br \/>\nyhdistyksiin.<br \/>\n2 \u00a7<br \/>\nYhdistyksen tarkoituksena on harjoittaa maillaan j\u00e4rkiper\u00e4ist\u00e4 mets\u00e4styst\u00e4 ja riistanhoitoa, sek\u00e4<br \/>\nniiden edellytt\u00e4m\u00e4\u00e4 luonnonsuojelua ja ampumaurheilua.<br \/>\n3 \u00a7<br \/>\nTarkoituksensa toteuttamiseksi yhdistys:<br \/>\n1) hankkii itselleen j\u00e4senm\u00e4\u00e4r\u00e4\u00e4n n\u00e4hden sopivan suuruisen mets\u00e4stys- ja riistanhoitoalueen sek\u00e4<br \/>\nhuolehtii sit\u00e4 koskevien sopimusten laillisesta aikaansaamisesta ja voimassapit\u00e4misest\u00e4,<br \/>\n2) edist\u00e4\u00e4 ja valvoo mets\u00e4styslain ja hyvien mets\u00e4stystapojen noudattamista,<br \/>\n3) verottaa riistaa kannan kulloinkin sallimissa rajoissa,<br \/>\n4) riistakannan lis\u00e4\u00e4miseksi parantaa riistan elinymp\u00e4rist\u00f6\u00e4, j\u00e4rjest\u00e4\u00e4 talviruokintaa, v\u00e4hent\u00e4\u00e4<br \/>\nvahinkoa tuottavia el\u00e4imi\u00e4, suorittaa tarvittaessa riistanistutuksia ja huolehtii tarpeellisten<br \/>\nrauhoitusten aikaansaamisesta sek\u00e4 j\u00e4rkiper\u00e4isest\u00e4 mets\u00e4styksen ja riistanhoidon edellytt\u00e4m\u00e4st\u00e4<br \/>\nluonnonsuojelusta,<br \/>\n5) harjoittaa riistanhoitoa ja hyvi\u00e4 mets\u00e4stystapoja koskevaa neuvonta- ja valistustoimintaa<br \/>\nj\u00e4senist\u00f6ns\u00e4, maanomistajien ym. yleis\u00f6n sek\u00e4 nuorison keskuudessa,<br \/>\n6) edist\u00e4\u00e4 puhdasrotuisten mets\u00e4styskoirien pitoa, koulutusta ja k\u00e4ytt\u00f6\u00e4 ja jalostusta,<br \/>\n7) kehitt\u00e4\u00e4 j\u00e4senist\u00f6ns\u00e4 keskuudessa mets\u00e4stysaseiden oikeata k\u00e4ytt\u00f6\u00e4 ja j\u00e4rjest\u00e4\u00e4 mets\u00e4stys- ja<br \/>\nurheiluammunnan harjoittelu-, suoritus-, ja kilpailutilaisuuksia, mit\u00e4 varten yhdistys voi<br \/>\nasianomaisella luvalla rakentaa ja yll\u00e4pit\u00e4\u00e4 ampumarataa.<br \/>\n4 \u00a7<br \/>\nYhdistyksen varsinaisiksi- ja kannattajaj\u00e4seniksi p\u00e4\u00e4sev\u00e4t ne hyv\u00e4maineiset riistanhoitoa ja<br \/>\nmets\u00e4styst\u00e4 harrastavat henkil\u00f6t, jotka johtokunnan esitt\u00e4min\u00e4 yhdistyksen kokouksen<br \/>\np\u00e4\u00e4t\u00f6ksell\u00e4 n\u00e4iden s\u00e4\u00e4nt\u00f6jen 13 \u00a7:n 12 kohdassa mainitulla tavalla j\u00e4seniksi hyv\u00e4ksyt\u00e4\u00e4n.<br \/>\nYhdistyksen johtokunta on oikeutettu n\u00e4iden s\u00e4\u00e4nt\u00f6jen 6 \u00a7:n 1 kohdassa mainituin perustein<br \/>\nhyv\u00e4ksym\u00e4\u00e4n maanomistajan maanomistajaj\u00e4seneksi.<br \/>\n5 \u00a7<br \/>\nJ\u00e4seneksi pyrkij\u00e4lle katsotaan eduksi, jos h\u00e4nen \u00e4itins\u00e4 tai is\u00e4ns\u00e4 on kuulunut yhdistykseen yli 5<br \/>\nvuotta ja on osallistunut aktiivisesti yhdistyksen toimintaan.<br \/>\nJ\u00e4senhakemuksen tulee olla kirjallinen ja siin\u00e4 tulee olla kahden yhdistykseen kuuluvan j\u00e4senen<br \/>\nlausunto.<br \/>\nJ\u00e4sen on velvollinen noudattamaan mets\u00e4styst\u00e4 harjoittaessaan ja muussa toiminnassaan<br \/>\nyhdistyksen s\u00e4\u00e4nt\u00f6j\u00e4 ja p\u00e4\u00e4t\u00f6ksi\u00e4 sek\u00e4 suorittamaan yhdistykseen liittyess\u00e4\u00e4n liittymismaksun ja<br \/>\nhein\u00e4kuun loppuun menness\u00e4 vuotuisen j\u00e4senmaksun, joiden suuruuden yhdistyksen<br \/>\nvuosikokous vuosittain m\u00e4\u00e4r\u00e4\u00e4.<br \/>\nJ\u00e4sen on velvollinen pit\u00e4m\u00e4\u00e4n luetteloa suorittamistaan riistanhoitotoimenpiteist\u00e4, samoin kuin<br \/>\nkaikesta kaatamastaan riistasta ja tekem\u00e4\u00e4n siit\u00e4 sek\u00e4 muista riistahavainnoistaan vuosittain tai<br \/>\ntarvittaessa ilmoituksen yhdistyksen johtokunnalle.<br \/>\nYhdistyksen j\u00e4sen on velvollinen osallistumaan vuosittain ainakin yhden p\u00e4iv\u00e4n ajan<br \/>\nriistanhoito-, kennel-, koe- tai muuhun yhdistyksen eduksi koituvaan toimintaan tai muussa<br \/>\ntapauksessa h\u00e4nen on maksettava yhdistykselle suorittamatta j\u00e4\u00e4neen ty\u00f6n arvona<br \/>\nriistanhoitomaksu, jonka suuruuden yhdistyksen vuosikokous vuosittain m\u00e4\u00e4r\u00e4\u00e4. J\u00e4sen, joka on<br \/>\nt\u00e4ytt\u00e4nyt 65 vuotta, on t\u00e4ss\u00e4 pyk\u00e4l\u00e4ss\u00e4 mainitusta velvoitteesta vapaa. Johtokunta voi my\u00f6s<br \/>\nharkintansa mukaan sairauden tai muun p\u00e4tev\u00e4n syyn takia vapauttaa j\u00e4senen edell\u00e4 mainitun<br \/>\nvelvoitteen suorittamisesta.<br \/>\n6 \u00a7<br \/>\nYhdistyksen j\u00e4seni\u00e4 ovat:<br \/>\n1) maanomistajaj\u00e4sen, joka luovuttaa omistamansa maa-alueen joko korvausta vastaan tai<br \/>\nkorvauksetta yhdistyksen mets\u00e4stys- ja riistanhoitoalueeksi. Johtokunta voi h\u00e4net vapauttaa<br \/>\nliittymis- ja j\u00e4senmaksun suorittamisesta, jos edell\u00e4 mainittu maa-alue on riitt\u00e4v\u00e4n suuri, jonka<br \/>\njohtokunta kulloinkin harkitsee,<br \/>\n2) varsinainen j\u00e4sen, joka suorittaa yhdistykselle vuosikokouksen m\u00e4\u00e4r\u00e4\u00e4m\u00e4n j\u00e4senmaksun,<br \/>\n3) kannattajaj\u00e4sen, joka suorittaa yhdistykselle vuosikokouksen m\u00e4\u00e4r\u00e4\u00e4m\u00e4n j\u00e4senmaksun, on<br \/>\nkuitenkin vapautettu 13 \u00a7:n 10 kohdan mukaan m\u00e4\u00e4r\u00e4tt\u00e4v\u00e4st\u00e4 liittymismaksusta, eik\u00e4 mets\u00e4st\u00e4<br \/>\nyhdistyksen alueella.<br \/>\nVarsinainen j\u00e4sen valitaan ensin yhdeksi koevuodeksi, eik\u00e4 h\u00e4n ei voi kuulua j\u00e4senen\u00e4 toiseen<br \/>\nsamalla paikkakunnalla toimivaan mets\u00e4stysyhdistykseen.<br \/>\nKaikkien j\u00e4senten \u00e4\u00e4nioikeuden osalta noudatetaan yhdistyslain 13 \u00a7:\u00e4\u00e4, jota ei n\u00e4iden s\u00e4\u00e4nt\u00f6jen<br \/>\nmuiden pyk\u00e4lien m\u00e4\u00e4r\u00e4yksill\u00e4 rajoiteta.<br \/>\nAikaisempien s\u00e4\u00e4nt\u00f6jen mukaan hyv\u00e4ksyttyjen j\u00e4senten oikeudet pysyv\u00e4t ennallaan.<br \/>\n7 \u00a7<br \/>\nYhdistyksen toiminnassa erityisesti ansioitunut j\u00e4sen voidaan johtokunnan esityksest\u00e4<br \/>\nyhdistyksen vuosikokouksessa kutsua yhdistyksen kunniaj\u00e4seneksi, jolloin h\u00e4nelle annetaan<br \/>\nyhdistyksen kultainen merkki ja h\u00e4n vapautuu j\u00e4senmaksun suorittamisesta yhdistykselle.<br \/>\n8 \u00a7<br \/>\nKun yhdistyksen j\u00e4sen on saavuttanut 60 vuoden i\u00e4n ja suorittanut yhdistykselle j\u00e4senmaksun 25<br \/>\nvuoden ajan, johtokunta my\u00f6nt\u00e4\u00e4 h\u00e4nelle vapaaj\u00e4senoikeudet j\u00e4senen anomuksesta. Sairauden tai<br \/>\nmuun p\u00e4tev\u00e4n syyn takia johtokunnalla on oikeus my\u00f6nt\u00e4\u00e4 vapaaj\u00e4senoikeudet harkintansa<br \/>\nmukaan, vaikka j\u00e4sen ei ole viel\u00e4 saavuttanutkaan mainittua ik\u00e4rajaa.<br \/>\n9 \u00a7<br \/>\nJos j\u00e4sen on pitk\u00e4aikaisen sairauden, opiskelun, asevelvollisuuden suorittamisen, paikkakunnalta<br \/>\nmuuton tai muun p\u00e4tev\u00e4n syyn takia estynyt osallistumasta yhdistyksen toimintaan, voi<br \/>\njohtokunta anomuksesta my\u00f6nt\u00e4\u00e4 h\u00e4nelle vapautuksen j\u00e4senmaksusta enint\u00e4\u00e4n viiden vuoden<br \/>\najaksi, jona aikana h\u00e4nell\u00e4 ei ole oikeuksia eik\u00e4 velvoitteita yhdistyst\u00e4 kohtaan.<br \/>\n10 \u00a7<br \/>\nJ\u00e4senen, joka rikkoo mets\u00e4styslains\u00e4\u00e4d\u00e4nt\u00f6\u00e4, n\u00e4it\u00e4 s\u00e4\u00e4nt\u00f6j\u00e4, yhdistyksen kokouksen hyv\u00e4ksymi\u00e4 ohjes\u00e4\u00e4nt\u00f6j\u00e4 tai j\u00e4tt\u00e4\u00e4 j\u00e4senmaksun suorittamatta hein\u00e4kuun loppuun menness\u00e4, voi johtokunta yksimielisell\u00e4 p\u00e4\u00e4t\u00f6ksell\u00e4 erottaa. Erotetulla j\u00e4senell\u00e4 on oikeus saattaa erottamisp\u00e4\u00e4t\u00f6s yhdistyksen kokouksen tutkittavaksi. Vaatimus t\u00e4st\u00e4 on esitett\u00e4v\u00e4 kirjallisesti johtokunnalle 30 p\u00e4iv\u00e4n kuluessa erotusp\u00e4\u00e4t\u00f6ksen tiedoksisaamisesta lukien. Jos vaatimusta ei esitet\u00e4 s\u00e4\u00e4nt\u00f6jen m\u00e4\u00e4r\u00e4\u00e4m\u00e4ss\u00e4 j\u00e4rjestyksess\u00e4, tulkoon erottamisp\u00e4\u00e4t\u00f6s voimaan heti m\u00e4\u00e4r\u00e4ajan p\u00e4\u00e4tytty\u00e4, mutta muussa tapauksessa katsottakoon j\u00e4sen yhdistyksest\u00e4 erotetuksi vasta sitten kun yhdistyksen kokous on 2\/3 \u00e4\u00e4nten enemmist\u00f6ll\u00e4 erottamisp\u00e4\u00e4t\u00f6ksen vahvistanut. Samalla tavoin voidaan hyvi\u00e4 mets\u00e4stystapoja rikkonut j\u00e4sen erottaa yhdistyksest\u00e4.<br \/>\nMaanvuokrasopimukseen perustuva j\u00e4senyys raukeaa ko. sopimuksen rauetessa.<br \/>\nJos j\u00e4sen tahtoo erota yhdistyksest\u00e4, on h\u00e4nen siit\u00e4 ilmoitettava kirjallisesti johtokunnalle tai sen<br \/>\npuheenjohtajalle tai suullisesti yhdistyksen kokouksen p\u00f6yt\u00e4kirjaan. Eroava tai erotettu j\u00e4sen on<br \/>\nvelvollinen suorittamaan j\u00e4senmaksun kuluvalta vuodelta eik\u00e4 h\u00e4nell\u00e4 ole oikeutta saada mit\u00e4\u00e4n<br \/>\nyhdistyksen kiinte\u00e4st\u00e4 tai irtaimesta omaisuudesta.<br \/>\n11 \u00a7<br \/>\nYhdistyksen tili- ja toimintavuosi alkaa tammikuun 1 p\u00e4iv\u00e4n\u00e4 ja p\u00e4\u00e4ttyy joulukuun viimeisen\u00e4<br \/>\np\u00e4iv\u00e4n\u00e4.<br \/>\nYhdistyst\u00e4 edustaa ja sen asioita hoitaa sen lainmukaisena hallituksena vuosikokouksen yhdeksi<br \/>\nvuodeksi kerrallaan valitsema johtokunta, johon puheenjohtajan lis\u00e4ksi kuuluu 8 muuta j\u00e4sent\u00e4.<br \/>\nJohtokunta valitsee keskuudestaan varapuheenjohtajan, sihteerin ja rahastonhoitajan.<br \/>\nYhdistyksen nimen kirjoittaa puheenjohtaja tai varapuheenjohtaja jompikumpi yhdess\u00e4 joko<br \/>\nsihteerin tai rahastonhoitajan kanssa.<br \/>\nJohtokunta on p\u00e4\u00e4t\u00f6svaltainen, kun puheenjohtaja tai varapuheenjohtaja sek\u00e4 nelj\u00e4 muuta j\u00e4sent\u00e4 on saapuvilla. \u00c4\u00e4nten sattuessa tasan ratkaisee puheenjohtajan \u00e4\u00e4ni paitsi vaaleissa arpa.<br \/>\nJohtokunnan on j\u00e4tett\u00e4v\u00e4 tilit viimeist\u00e4\u00e4n kymmenen (10) p\u00e4iv\u00e4\u00e4 ennen vuosikokousta<br \/>\ntoiminnantarkastajille, joiden tulee palauttaa ne johtokunnalle viimeist\u00e4\u00e4n viisi (5) p\u00e4iv\u00e4\u00e4 ennen<br \/>\nvuosikokousta.<br \/>\n12 \u00a7<br \/>\nYhdistyksen varsinaisia kokouksia ovat vuosikokous ja kes\u00e4kokous. Johtokunta kutsuu j\u00e4senet<br \/>\nkaikkiin kokouksiin v\u00e4hint\u00e4\u00e4n 1 viikkoa ennen kokousta. Kokousilmoitus on julkaistava<br \/>\nyhdistyksen www-sivuilla.<br \/>\n13 \u00a7<br \/>\nVuosikokous pidet\u00e4\u00e4n tammi- huhtikuun aikana ja k\u00e4sitell\u00e4\u00e4n siin\u00e4 seuraavat asiat:<br \/>\n1) valitaan kokouksen puheenjohtaja ja sihteeri,<br \/>\n2) todetaan kokouksen laillisuus,<br \/>\n3) valitaan kaksi p\u00f6yt\u00e4kirjan tarkastajaa,<br \/>\n4) esitet\u00e4\u00e4n johtokunnan laatima toimintakertomus kuluneelta toimintakaudelta,<br \/>\n5) esitet\u00e4\u00e4n tilikertomus ja tilintarkastajien lausunto kuluneelta tilikaudelta, sek\u00e4 p\u00e4\u00e4tet\u00e4\u00e4n tilien<br \/>\nhyv\u00e4ksymisest\u00e4 tilinp\u00e4\u00e4t\u00f6ksen vahvistamisesta,<br \/>\n6) p\u00e4\u00e4tet\u00e4\u00e4n vastuuvapauden my\u00f6nt\u00e4misest\u00e4 johtokunnalle,<br \/>\n7) toimitetaan johtokunnan puheenjohtajan ja muiden j\u00e4senten sek\u00e4 kahden tilintarkastajan ja<br \/>\nkahden varatilintarkastajan vaali,<br \/>\n8) vahvistetaan toiminta-, ja riistanhoitosuunnitelma kuluvaa toimintakautta varten,<br \/>\n9) hyv\u00e4ksyt\u00e4\u00e4n toimikauden tulo- ja menoarvio,<br \/>\n10) m\u00e4\u00e4r\u00e4t\u00e4\u00e4n yhdistyksen liittymis-, riistanhoito-, ja j\u00e4senmaksun suuruus, erikseen varsinaisten<br \/>\nja kannattajaj\u00e4senten osalta,<br \/>\n11) valitaan tarpeelliset jaostot ja mets\u00e4styksenjohtajat,<br \/>\n12) toimitetaan uusien j\u00e4senten valinta, jolloin v\u00e4hint\u00e4\u00e4n 2\/3 annetuista \u00e4\u00e4nist\u00e4 on oltava<br \/>\nhyv\u00e4ksymisen kannalla,<br \/>\n13) k\u00e4sitell\u00e4\u00e4n muut johtokunnan tai yksityisten j\u00e4senten kirjallisesti johtokunnalle v\u00e4hint\u00e4\u00e4n<br \/>\nkolme viikkoa ennen vuosikokousta esitt\u00e4m\u00e4t ja kokouskutsussa mainitut asiat,<br \/>\n14) p\u00e4\u00e4tet\u00e4\u00e4n Keski-Suomen riistanhoitopiirille ja toimialueen riistanhoitoyhdistyksille teht\u00e4vist\u00e4<br \/>\nesityksist\u00e4<br \/>\n15) valitaan yhdistyksen edustajat ja heid\u00e4n varamiehens\u00e4 Keski-Suomen Kennelpiiri ry:n ym.<br \/>\nkokouksiin,<br \/>\n16) k\u00e4sitell\u00e4\u00e4n muut mahdollisesti esille tulevat asiat, joista ei kuitenkaan voida tehd\u00e4 p\u00e4\u00e4t\u00f6st\u00e4.<br \/>\n14 \u00a7<br \/>\nKes\u00e4kokous pidet\u00e4\u00e4n elokuun aikana ja siin\u00e4 p\u00e4\u00e4tet\u00e4\u00e4n:<br \/>\n1) j\u00e4senten ja heid\u00e4n vieraittensa oikeudesta harjoittaa mets\u00e4styst\u00e4 yhdistyksen mets\u00e4stysalueilla<br \/>\nedess\u00e4 olevana mets\u00e4styskautena.<br \/>\n2) yhdistyksen mets\u00e4stysalueilla toimeenpantavista rauhoituksista ja riistansuojelutoimenpiteist\u00e4.<br \/>\n3) toimitetaan uusien j\u00e4senten valinta, jolloin v\u00e4hint\u00e4\u00e4n 2\/3 annetuista \u00e4\u00e4nist\u00e4 on oltava<br \/>\nhyv\u00e4ksymisen kannalla.<br \/>\n4) Kokouksessa voidaan tehd\u00e4 p\u00e4\u00e4t\u00f6ksi\u00e4 my\u00f6s muista kokouskutsussa mainituista asioista.<br \/>\n15 \u00a7<br \/>\nYhdistyksen ylim\u00e4\u00e4r\u00e4inen kokous pidet\u00e4\u00e4n, milloin yhdistyksen aikaisempi kokous on niin<br \/>\np\u00e4\u00e4tt\u00e4nyt, milloin johtokunta katsoo sen tarpeelliseksi tai milloin 1\/10 j\u00e4senist\u00e4 sit\u00e4 johtokunnalta<br \/>\nkirjallisesti vaatii ilmoittamansa asian k\u00e4sittely\u00e4 varten. Ylim\u00e4\u00e4r\u00e4inen kokous on pidett\u00e4v\u00e4 1<br \/>\nkuukauden kuluessa vaatimuksen esitt\u00e4misest\u00e4. Kokouskutsuun on voimassa, mit\u00e4 12 \u00a7:ss\u00e4 on<br \/>\nm\u00e4\u00e4r\u00e4tty.<br \/>\n16 \u00a7<br \/>\nJ\u00e4senen oikeudesta ottaa mukaansa yhdistyksen mets\u00e4stysmaille yhdistykseen kuulumattomia<br \/>\nmets\u00e4st\u00e4ji\u00e4 ja heid\u00e4n oikeudestaan mets\u00e4st\u00e4\u00e4 sek\u00e4 muista j\u00e4rjestysasioista m\u00e4\u00e4r\u00e4t\u00e4\u00e4n yhdistyksen<br \/>\nkokouksen hyv\u00e4ksym\u00e4ss\u00e4 mets\u00e4styss\u00e4\u00e4nn\u00f6ss\u00e4 ja p\u00e4\u00e4tet\u00e4\u00e4n vuosittain kes\u00e4kokouksessa.<br \/>\n17 \u00a7<br \/>\nYhdistyksen on pidett\u00e4v\u00e4 luetteloa kaadetusta riistasta, suoritetuista riistanhoitot\u00f6ist\u00e4 ym.<br \/>\ntoiminnasta.<br \/>\n18 \u00a7<br \/>\nYhdistys toimii jatkuvassa yhteisty\u00f6ss\u00e4 toimialueensa riistanhoitoyhdistysten ja Keski-Suomen<br \/>\nriistanhoitopiirin kanssa. Toimintavuoden aikana tapahtuneista toimihenkil\u00f6muutoksista on<br \/>\nilmoitus teht\u00e4v\u00e4 v\u00e4litt\u00f6m\u00e4sti ja tulee yhdistyksen antaa riistanhoitoyhdistyksille ja piirille niiden<br \/>\npyyt\u00e4m\u00e4t tiedot.<br \/>\n19 \u00a7<br \/>\nN\u00e4itten s\u00e4\u00e4nt\u00f6jen muuttamista ja yhdistyksen purkamista koskeva p\u00e4\u00e4t\u00f6s on, ollakseen p\u00e4tev\u00e4,<br \/>\nteht\u00e4v\u00e4 yhdistyksen kokouksessa sen j\u00e4lkeen, kun johtokunta on asian k\u00e4sitellyt, ja asiasta on<br \/>\nmainittava kokouskutsussa. P\u00e4\u00e4t\u00f6s tulee voimaan, jos sit\u00e4 on kannattanut v\u00e4hint\u00e4\u00e4n 3\/4<br \/>\n\u00e4\u00e4nestyksess\u00e4 annetuista \u00e4\u00e4nist\u00e4.<br \/>\n20 \u00a7<br \/>\nJos yhdistys puretaan, k\u00e4ytet\u00e4\u00e4n sen j\u00e4ljelle j\u00e4\u00e4neet varat viimeisen kokouksen mukaisesti<br \/>\njohonkin yhdistyksen toimintaa l\u00e4hell\u00e4 olevaan tarkoitukseen. Purkamisesta on teht\u00e4v\u00e4 ilmoitus<br \/>\nriistanhoitoyhdistyksille ja piirille sek\u00e4 yhdistysrekisteriviranomaisille.<br \/>\n21\u00a7<br \/>\nMuuten noudatettakoon, mit\u00e4 laissa yhdistyksist\u00e4 s\u00e4\u00e4det\u00e4\u00e4n.<\/p>\n","protected":false},"excerpt":{"rendered":"<p>SIS\u00c4-SUOMEN METS\u00c4STYSSEURA RY:N S\u00c4\u00c4NN\u00d6T 1 \u00a7 Yhdistyksen nimi on Sis\u00e4-Suomen Mets\u00e4stysseura ry. ja kotipaikka Jyv\u00e4skyl\u00e4n kaupunki. Yhdistys kuuluu j\u00e4senen\u00e4 Suomen Mets\u00e4st\u00e4j\u00e4liitto ry:n, Suomen Kennelliitto &#8211; Finska Kennelklubben ry:n. Yhdistys voi liitty\u00e4 johtokunnan p\u00e4\u00e4t\u00f6ksell\u00e4 sen tarkoitusperi\u00e4 palveleviin yhdistyksiin. 2 \u00a7 Yhdistyksen&hellip; <\/p>\n","protected":false},"author":1,"featured_media":0,"parent":0,"menu_order":0,"comment_status":"closed","ping_status":"closed","template":"","meta":{"_monsterinsights_skip_tracking":false,"_monsterinsights_sitenote_active":false,"_monsterinsights_sitenote_note":"","_monsterinsights_sitenote_category":0,"footnotes":""},"class_list":["post-204","page","type-page","status-publish","hentry"],"_links":{"self":[{"href":"http:\/\/www.ssms.fi\/index.php?rest_route=\/wp\/v2\/pages\/204","targetHints":{"allow":["GET"]}}],"collection":[{"href":"http:\/\/www.ssms.fi\/index.php?rest_route=\/wp\/v2\/pages"}],"about":[{"href":"http:\/\/www.ssms.fi\/index.php?rest_route=\/wp\/v2\/types\/page"}],"author":[{"embeddable":true,"href":"http:\/\/www.ssms.fi\/index.php?rest_route=\/wp\/v2\/users\/1"}],"replies":[{"embeddable":true,"href":"http:\/\/www.ssms.fi\/index.php?rest_route=%2Fwp%2Fv2%2Fcomments&post=204"}],"version-history":[{"count":4,"href":"http:\/\/www.ssms.fi\/index.php?rest_route=\/wp\/v2\/pages\/204\/revisions"}],"predecessor-version":[{"id":304,"href":"http:\/\/www.ssms.fi\/index.php?rest_route=\/wp\/v2\/pages\/204\/revisions\/304"}],"wp:attachment":[{"href":"http:\/\/www.ssms.fi\/index.php?rest_route=%2Fwp%2Fv2%2Fmedia&parent=204"}],"curies":[{"name":"wp","href":"https:\/\/api.w.org\/{rel}","templated":true}]}}